(g) = 9*g**2 + 24*g + 21. Let a(z) = 19*z**2 + 49*z + 40. Let y(w) = -2*a(w) + 5*m(w). Is y(-7) a composite number?
True
Let f(d) = -14 + 17 - 2*d + d + 5. Let w be f(10). Is 844/(-4)*w/2 a composite number?
False
Suppose 998044 + 326213 + 155455 = 32*m. Is m composite?
True
Let v be 3/(-21) - (-12468)/7. Let r(h) = -h**2 + 7*h - 6. Let a be r(5). Suppose -2*s - z - a*z = -895, -v = -4*s - z. Is s composite?
True
Let l(o) = 6*o**2 - 9*o - 62. Let c(y) = -5*y**2 + 9*y + 61. Let n(h) = 2*c(h) + 3*l(h). Is n(-25) composite?
True
Suppose -9*x = 2*k - 13*x - 32, -8 = k + 4*x. Suppose k*d - 55141 = 12387. Is d a prime number?
False
Let x(b) be the third derivative of 293*b**4/6 - 71*b**3/6 - 2*b**2 + 10*b. Is x(8) a composite number?
True
Let o = 2548 + 6378. Suppose -12*q = -15*q - 9, -q - o = -g. Is g prime?
True
Let f = -5262 + 13662. Suppose 11*k + f = 20621. Is k a prime number?
False
Is (112116765/(-35))/(-3) - -2*2/14 prime?
False
Let m be (125 + -7)*14/(-4). Let d = m - -720. Is d composite?
False
Let b(l) = -11*l**3 + 23*l**2 - 7*l - 36. Let p be b(22). Is (-12)/54 - p/18 a composite number?
True
Suppose 5*j = 3*v - 28316, -v = 5*j + v + 28306. Suppose 4*p - 7257 = -5*r - 23143, 7*p - 4*r = -27775. Let g = p - j. Is g composite?
False
Let z(j) = -3*j**3 - 130*j**2 + 48*j - 243. Is z(-56) composite?
True
Let v = 5675 + 205524. Is v a composite number?
False
Suppose -b + n + 223576 = 0, -3*b - n = -378323 - 292409. Is b a prime number?
True
Suppose 6*c - 3*c = -4*k + 3013, -2*c - 2*k + 2006 = 0. Let r = c - 780. Is r composite?
True
Let i be ((36/(-8))/9)/(2/(-316)). Suppose -j = 75 + i. Let u = 480 + j. Is u a composite number?
True
Suppose -1963*g + 1935*g + 8048572 = 0. Is g a composite number?
False
Suppose -4*l + 5*l = -2*y - 1, 0 = -l + 5. Let m be (-1)/2*-2 - 1. Is 3/y*(m - 139) prime?
True
Suppose -z + 15 = 5*k + 4*z, -2*z + 15 = 5*k. Is (1 - k) + (-9797 + -4)/(-9) composite?
False
Suppose -3*u = -d + 704, 2*u + 11 = 1. Let x = d - -54. Is x a prime number?
True
Let z be 12/(-2) + 8 + 1109 + -2. Is (z - 10) + -1*2*-2 prime?
True
Suppose -4*r + 525024 = 5*d - 8*d, -4*d - 525020 = -4*r. Is r composite?
True
Let r(p) = 3*p + 66. Let z be r(-21). Let i = -9 - -13. Suppose -2925 = -3*k - z*s, i*s = 4*k - 5934 + 2002. Is k composite?
True
Suppose 26 = 23*u - 10*u. Suppose 3*k - 10783 = 2*m, -m = -6*k + u*k + 14379. Is k a prime number?
False
Let n(h) = 2*h**3 - 6*h**2 - 15*h + 1. Let r be n(-2). Is -446*((-21)/r)/((-4)/6) prime?
False
Suppose 5*b + 0*b - 45 = 0. Suppose 59900 = b*g - 37309. Is g a composite number?
True
Suppose -192 = 2*n - 5*i + i, 4*i + 268 = -3*n. Let m = 0 - n. Suppose -m = -p + 99. Is p a composite number?
False
Suppose 3*l + 41*g = 39*g + 41565, -4*l + 2*g = -55448. Is l composite?
False
Suppose 4*l + 29*y - 32*y = 12, 2*y + 4 = 2*l. Suppose -l*g - 16334 = -107888. Is g prime?
True
Let p(s) = -8*s + 12*s - 1 - 5*s + 16. Let f be p(4). Let y(o) = o**3 - 9*o**2 + 7*o + 16. Is y(f) a composite number?
True
Let t(u) be the first derivative of -127*u**2/2 - 273*u - 21. Is t(-22) prime?
True
Suppose -8*i = -4*o + 168540, -240*o - 5*i - 42147 = -241*o. Is o a composite number?
True
Let h = 40 - 43. Is (0 - 6 - 21551)*3/h composite?
False
Is ((-8)/80 - 33/(-30)) + 7417*6 a composite number?
True
Let r = 323 + -323. Suppose r = -3*f - h + 7686, -5*f + 2*h + 17273 = 4452. Is f a composite number?
True
Is 0/7 + 636670 + (-20)/(-2 - 3) prime?
False
Let y = -253742 + 515251. Is y composite?
False
Is -55 + 49 - (0 + -14872) composite?
True
Suppose 3*v - 2*g = 194807, -57*v - 129883 = -59*v - g. Is v a composite number?
True
Suppose 2*f + 2*l - 254144 - 6752 = 0, -5*l - 1435008 = -11*f. Is f a prime number?
False
Let s = 502 - -137. Let z = 1514 + s. Is z a composite number?
False
Let f be (-221)/(-4) + 1/(-4). Let x be 2 + f/20 + 2/8. Suppose x*k + 705 = 2*n + 256, -k = -4*n + 943. Is n prime?
False
Let t(g) = -195*g - 3122. Let o be t(-16). Let h(q) = -3 - 1 + 1 - 592*q. Is h(o) prime?
True
Suppose 10 = -3*n + 31. Let l(o) = -2 + 171*o + 10 + 4 - 4. Is l(n) a composite number?
True
Let v = 54 - 60. Let q(h) = -32*h**2 - 5*h - 13. Let n(w) = w**2. Let i(u) = v*n(u) - q(u). Is i(-6) prime?
True
Let y(d) = d + 15. Let m be y(-15). Suppose -4*t + 0*g + 21 = 3*g, 2*g - 6 = m. Is (t - (-39)/(-15)) + (-19306)/(-10) prime?
True
Let l = -794 - -790. Is 10/l - (-83672)/16 prime?
True
Let q(j) = 2*j - 9. Let i be q(6). Suppose -y = -0*d + i*d - 1382, d - 474 = -3*y. Let p = d - 268. Is p a composite number?
False
Let x(p) = -5*p - 3*p - 5*p + p**2 - p + 8. Let k be x(14). Let c(n) = 4*n**2 + 2*n + 26. Is c(k) a prime number?
False
Let z = -5310 - -10811. Is z a composite number?
False
Let a(q) = -6*q**2 + 6*q + 12. Let g(i) = i - 4. Let j(s) = -a(s) - 5*g(s). Let n = 8 + -3. Is j(n) a composite number?
False
Suppose 0 = 16*c - 11*c - 20. Suppose 11813 = 3*x - c*k, -5*x + 19679 = -7*k + 5*k. Is x composite?
True
Let h(w) = -24*w**2 + 24*w**2 + 7115 + 16*w - 10*w + 2*w**3. Is h(0) composite?
True
Is 190/1805 - (-1015700)/19 composite?
True
Suppose -14*i + 19*i = l - 13752, 0 = 5*i - 25. Is l prime?
False
Let d(g) = -33*g**2 - g + 1. Let t be d(1). Let i = -30 - t. Suppose -i*a = 9*m - 7*m - 7767, 0 = -m + 3*a + 3906. Is m a prime number?
False
Let z(v) = v**2 + 10*v + 27. Let f be z(-5). Suppose f*w = 2*m - 42506, -8*w = m - 10*w - 21255. Is m a composite number?
True
Let h(y) = 2809*y**3 + y**2 + 2062*y**3 + 2077*y**3 + y**2 - 3*y. Is h(1) composite?
False
Let h(r) = 15*r**2 - 14*r + 382. Is h(-69) a prime number?
True
Suppose 146*h + q + 887762 = 147*h, -1775506 = -2*h - 4*q. Is h a composite number?
False
Is (-4898108)/14*126/(-36) a prime number?
False
Suppose -2524795 - 1210748 = -21*o. Is o a prime number?
True
Is (13 + 0 - 23) + 16281 prime?
False
Let n = -141911 - -255969. Is (n/21)/(((-30)/(-9))/5) prime?
True
Suppose 8*p - 5*p - 296507 = 4*w, -4*w = -4. Is p a prime number?
True
Let k(l) = l - 9. Let z be k(13). Is ((-1 - z) + 4)*-6707 prime?
False
Let b(f) = f**2 - f + 18. Let t be b(0). Suppose 0 = -0*c + 3*c - t. Suppose 0 = 2*r - c*r + 4388. Is r composite?
False
Let i be (676/10 - 1)/(14/70). Let j = i - -7366. Is j prime?
True
Let b(d) = -d**3 - 10*d**2 - 17*d + 1. Let q be b(-8). Let g be (-100)/(-30) + (-12)/q. Suppose 25 = -5*c, 4*c + 7541 = g*z + z. Is z prime?
False
Let f be (6 - 5)*2/2. Suppose -4*r - f = -9. Suppose 4*w - 871 = -3*g, r*w + g = 4*g + 413. Is w a prime number?
False
Is (-12 - -11)*-1*343659/3 a composite number?
False
Suppose -6214632 = -131*i + 5250881. Is i a prime number?
True
Let j(f) = -13*f**2 - 47*f - 11. Let y be j(-22). Let q = -3266 - y. Is q a composite number?
False
Suppose 20186796 = -345*m + 429*m. Is m composite?
False
Let v = 2223 - -245. Is 2/(-3)*(-9)/(-6) + v a prime number?
True
Suppose 13 = -5*x - 4*f, x + 31 = -4*x + 2*f. Let k be -307*2/10*x. Suppose 9*b - k = 8*b. Is b a prime number?
True
Let x = 63 - 60. Suppose -2*n + 2470 = -4*p, -x*p = n + p - 1211. Is n a prime number?
False
Let u(r) = -739*r + 8. Let m(h) = 740*h - 7. Let q be ((-5)/2)/((-16)/32). Let f(w) = q*u(w) + 6*m(w). Is f(1) a prime number?
True
Suppose 466380 = -0*h + 10*h. Let d = h - 26829. Is d/18 + (-2)/((-12)/3) composite?
True
Let c = -115199 - -228636. Is c a prime number?
True
Suppose 136*p + 21384131 - 3111480 = 245*p. Is p a prime number?
False
Suppose 23*d - 5*b - 15603 = 21*d, -5*d = 3*b - 38930. Is d a prime number?
True
Let b be ((-2)/(-3))/((-4)/(-18174)). Let h = 5208 - b. Is h prime?
True
Suppose 99880*t = 99896*t - 1514096. Is t composite?
True
Suppose -2*n + n - 407 = 5*v, 3*n - 237 = 3*v. Let q = 134 + v. Let i = -34 + q. Is i composite?
False
Let x(u) be the first derivative of 50*u**3/3 + u**2 - 7*u + 52. Let p(t) = -t**2 - 6*t + 3. Let r be p(-7). Is x(r) composite?
True
Suppose 0 = -4*f - 4, -71131 - 1404 = -3*z + 4*f. Is z composite?
True
Let c = 6103 + -10131. Let b = -2350 - c. Is b a composite number?
True
Let g(a) = 1107*a**2 - 66*a + 625. Is g(16) prime?
False
Suppose 3*p + 186894 = -70*c + 73*c, 4*c = -p + 249157. Is c composite?
True
Suppose -k = 3*q - 937687, -10*q - 3*k = -5*q - 1562809. Is q prime?
True
Let o = -56 + 102. Let n = o - 46. Suppose -5*q + 14*q - 13887 = n. Is q a 